ivided by 16.
14
Calculate the remainder when 171 is divided by 75.
21
What is the remainder when 766 is divided by 24?
22
What is the remainder when 3675 is divided by 408?
3
Calculate the remainder when 18398 is divided by 100.
98
What is the remainder when 83 is divided by 37?
9
Calculate the remainder when 1210 is divided by 56.
34
Calculate the remainder when 27886 is divided by 112.
110
What is the remainder when 6072 is divided by 27?
24
What is the remainder when 246 is divided by 9?
3
Calculate the remainder when 186 is divided by 19.
15
Calculate the remainder when 60 is divided by 21.
18
Calculate the remainder when 390 is divided by 79.
74
Calculate the remainder when 1331 is divided by 120.
11
What is the remainder when 132 is divided by 66?
0
Calculate the remainder when 53 is divided by 6.
5
Calculate the remainder when 11878 is divided by 44.
42
Calculate the remainder when 243 is divided by 62.
57
What is the remainder when 239 is divided by 23?
9
What is the remainder when 4900 is divided by 78?
64
What is the remainder when 274 is divided by 47?
39
Calculate the remainder when 1307 is divided by 69.
65
Calculate the remainder when 334 is divided by 286.
48
Calculate the remainder when 73 is divided by 25.
23
Calculate the remainder when 1484 is divided by 494.
2
Calculate the remainder when 2574 is divided by 637.
26
Calculate the remainder when 3468 is divided by 89.
86
Calculate the remainder when 272 is divided by 78.
38
What is the remainder when 1758 is divided by 31?
22
Calculate the remainder when 62 is divided by 34.
28
Calculate the remainder when 56 is divided by 30.
26
Calculate the remainder when 1701 is divided by 169.
11
Calculate the remainder when 148 is divided by 4.
0
What is the remainder when 293 is divided by 97?
2
Calculate the remainder when 69 is divided by 31.
7
What is the remainder when 166 is divided by 19?
14
What is the remainder when 94 is divided by 14?
10
Calculate the remainder when 2885 is divided by 26.
25
What is the remainder when 179 is divided by 12?
11
What is the remainder when 115 is divided by 48?
19
What is the remainder when 1302 is divided by 15?
12
What is the remainder when 1235 is divided by 207?
200
Calculate the remainder when 53 is divided by 28.
25
Calculate the remainder when 364 is divided by 183.
181
What is the remainder when 80 is divided by 13?
2
What is the remainder when 84 is divided by 43?
41
What is the remainder when 303 is divided by 101?
0
What is the remainder when 60 is divided by 12?
0
What is the remainder when 188 is divided by 10?
8
Calculate the remainder when 2850 is divided by 46.
44
Calculate the remainder when 313 is divided by 152.
9
Calculate the remainder when 362 is divided by 70.
12
Calculate the remainder when 144 is divided by 38.
30
Calculate the remainder when 206 is divided by 13.
11
Calculate the remainder when 249 is divided by 216.
33
Calculate the remainder when 510 is divided by 19.
16
What is the remainder when 68 is divided by 26?
16
What is the remainder when 813 is divided by 17?
14
What is the remainder when 3157 is divided by 15?
7
Calculate the remainder when 312 is divided by 63.
60
What is the remainder when 198 is divided by 5?
3
Calculate the remainder when 28 is divided by 17.
11
What is the remainder when 89 is divided by 84?
5
Calculate the remainder when 819 is divided by 398.
23
Calculate the remainder when 72 is divided by 43.
29
Calculate the remainder when 142 is divided by 24.
22
Calculate the remainder when 698 is divided by 3.
2
What is the remainder when 2325 is divided by 44?
37
Calculate the remainder when 68 is divided by 38.
30
Calculate the remainder when 3931 is divided by 27.
16
What is the remainder when 4159 is divided by 2072?
15
What is the remainder when 150 is divided by 12?
6
Calculate the remainder when 57233 is divided by 41.
38
What is the remainder when 157 is divided by 148?
9
Calculate the remainder when 3077 is divided by 11.
8
Calculate the remainder when 962 is divided by 188.
22
Calculate the remainder when 287 is divided by 54.
17
Calculate the remainder when 97 is divided by 17.
12
Calculate the remainder when 105 is divided by 54.
51
Calculate the remainder when 1189 is divided by 34.
33
What is the remainder when 263 is divided by 89?
85
Calculate the remainder when 3868 is divided by 129.
127
What is the remainder when 223 is divided by 42?
13
What is the remainder when 85 is divided by 34?
17
What is the remainder when 297 is divided by 60?
57
Calculate the remainder when 141 is divided by 139.
2
Calculate the remainder when 7671 is divided by 47.
10
Calculate the remainder when 1537 is divided by 154.
151
What is the remainder when 379 is divided by 122?
13
Calculate the remainder when 629 is divided by 12.
5
What is the remainder when 1294 is divided by 13?
7
Calculate the remainder when 219 is divided by 75.
69
Calculate the remainder when 606 is divided by 47.
42
What is the remainder when 248 is divided by 85?
78
Calculate the remainder when 796 is divided by 186.
52
What is the remainder when 1295 is divided by 118?
115
Calculate the remainder when 74 is divided by 5.
4
What is the remainder when 6 is divided by 4?
2
What is the remainder when 125 is divided by 32?
29
Calculate the remainder when 104 is divided by 29.
17
Calculate the remainder when 735 is divided by 41.
38
What is the remainder when 18 is divided by 1?
0
Calculate the remainder when 664 is divided by 29.
26
What is the remainder when 112 is divided by 13?
8
Calculate the remainder when 203 is divided by 30.
23
What is the remainder when 1186 is divided by 201?
181
Calculate the remainder when 4498 is divided by 60.
58
Calculate the remainder when 329 is divided by 118.
93
Calculate the remainder when 205 is divided by 71.
63
What is the remainder when 7802 is divided by 51?
50
What is the remainder when 340 is divided by 112?
4
Calculate the remainder when 701 is divided by 54.
53
Calculate the remainder when 169 is divided by 3.
1
Calculate the remainder when 20 is divided by 15.
5
Calculate the remainder when 2102 is divided by 73.
58
Calculate the remainder when 516 is divided by 29.
23
Calculate the remainder when 247 is divided by 83.
81
Calculate the remainder when 81 is divided by 30.
21
Calculate the remainder when 209 is divided by 106.
103
What is the remainder when 1572 is divided by 45?
42
What is the remainder when 3996 is divided by 16?
12
What is the remainder when 153 is divided by 63?
27
Calculate the remainder when 325 is divided by 32.
5
Calculate the remainder when 1551 is divided by 311.
307
Calculate the remainder when 120 is divided by 113.
7
What is the remainder when 683 is divided by 98?
95
Calculate the remainder when 3343 is divided by 168.
151
What is the remainder when 541 is divided by 68?
65
What is the remainder when 468 is divided by 71?
42
Calculate the remainder when 1914 is divided by 12.
6
What is the remainder when 261 is divided by 6?
3
What is the remainder when 37 is divided by 16?
5
What is the remainder when 1356 is divided by 85?
81
What is the remainder when 6 is divided by 3?
0
What is the remainder when 3407 is divided by 213?
212
What is the remainder when 308 is divided by 13?
9
What is the remainder when 2320 is divided by 23?
20
Calculate the remainder when 506 is divided by 492.
14
Calculate the remainder when 52633 is divided by 55.
53
Calculate the remainder when 422 is divided by 189.
44
Calculate the remainder when 508 is divided by 16.
12
Calculate the remainder when 211 is divided by 81.
49
What is the remainder when 384 is divided by 43?
40
What is the remainder when 19 is divided by 16?
3
Calculate the remainder when 453 is divided by 8.
5
Calculate the remainder when 225 is divided by 54.
9
Calculate the remainder when 759 is divided by 228.
75
Calculate the remainder when 292 is divided by 27.
22
What is the remainder when 139 is divided by 39?
22
Calculate the remainder when 2033 is divided by 20.
13
What is the remainder when 82 is divided by 12?
10
Calculate the remainder when 1022 is divided by 94.
82
What is the remainder when 599 is divided by 87?
77
What is the remainder when 29101 is divided by 17?
14
What is the remainder when 493 